he prime factors of 41954?
2, 11, 1907
What are the prime factors of 6329941?
439, 14419
List the prime factors of 245574.
2, 3, 7, 1949
What are the prime factors of 3060816?
2, 3, 11, 17, 31
What are the prime factors of 669244?
2, 167311
What are the prime factors of 8470757?
8470757
What are the prime factors of 2658558?
2, 3, 7, 63299
What are the prime factors of 40867?
40867
List the prime factors of 17089387.
7, 348763
What are the prime factors of 1755578?
2, 11, 199, 401
List the prime factors of 18244558.
2, 9122279
What are the prime factors of 474534?
2, 3, 41, 643
List the prime factors of 34767.
3, 3863
List the prime factors of 1003746.
2, 3, 173, 967
List the prime factors of 203102.
2, 173, 587
List the prime factors of 119154.
2, 3, 7, 2837
List the prime factors of 12611556.
2, 3, 43, 8147
What are the prime factors of 34310?
2, 5, 47, 73
List the prime factors of 613723.
11, 55793
What are the prime factors of 302251?
409, 739
List the prime factors of 29025149.
23, 1261963
List the prime factors of 181258.
2, 7, 11, 107
List the prime factors of 2220876.
2, 3, 7, 1259
What are the prime factors of 173918?
2, 86959
What are the prime factors of 72931?
72931
List the prime factors of 967002.
2, 3, 161167
List the prime factors of 637030.
2, 5, 63703
List the prime factors of 974599.
974599
What are the prime factors of 7694?
2, 3847
List the prime factors of 78277.
78277
List the prime factors of 112430.
2, 5, 11243
List the prime factors of 7273992.
2, 3, 11, 59, 467
List the prime factors of 15000128.
2, 11, 13, 149
What are the prime factors of 19958?
2, 17, 587
List the prime factors of 10276029.
3, 89, 12829
What are the prime factors of 20567?
131, 157
What are the prime factors of 611767?
13, 47059
List the prime factors of 349658.
2, 174829
List the prime factors of 2435725.
5, 97429
List the prime factors of 217176.
2, 3, 9049
List the prime factors of 454701.
3, 13, 89, 131
List the prime factors of 493819.
167, 2957
List the prime factors of 6267278.
2, 3133639
List the prime factors of 7032391.
7032391
What are the prime factors of 10681769?
7, 1525967
What are the prime factors of 98492?
2, 24623
What are the prime factors of 300548?
2, 227, 331
List the prime factors of 4956430.
2, 5, 577, 859
What are the prime factors of 611753?
611753
What are the prime factors of 2249585?
5, 13, 53, 653
What are the prime factors of 1170982?
2, 53, 11047
List the prime factors of 940711.
43, 131, 167
What are the prime factors of 217293?
3, 72431
List the prime factors of 538761.
3, 47, 3821
What are the prime factors of 5492252?
2, 29, 113, 419
List the prime factors of 191392.
2, 5981
List the prime factors of 4037150.
2, 5, 13, 6211
List the prime factors of 13739996.
2, 79, 43481
List the prime factors of 545039.
11, 49549
List the prime factors of 1416900.
2, 3, 5, 4723
What are the prime factors of 230370?
2, 3, 5, 7, 1097
What are the prime factors of 145734?
2, 3, 107, 227
List the prime factors of 2599815.
3, 5, 31, 5591
List the prime factors of 9551096.
2, 1193887
What are the prime factors of 6477115?
5, 179, 7237
What are the prime factors of 300574?
2, 150287
What are the prime factors of 6282903?
3, 11, 190391
List the prime factors of 105816.
2, 3, 4409
What are the prime factors of 3753190?
2, 5, 7, 53617
List the prime factors of 24211448.
2, 3026431
What are the prime factors of 1162232?
2, 131, 1109
What are the prime factors of 257418?
2, 3, 7, 227
What are the prime factors of 4681539?
3, 43, 12097
What are the prime factors of 2228176?
2, 47, 2963
What are the prime factors of 850011?
3, 23, 97, 127
List the prime factors of 21381379.
21381379
List the prime factors of 39714.
2, 3, 6619
What are the prime factors of 211573?
211573
What are the prime factors of 307494?
2, 3, 11, 1553
List the prime factors of 48271.
48271
What are the prime factors of 107903?
107903
What are the prime factors of 688490?
2, 5, 11, 569
List the prime factors of 1023690.
2, 3, 5, 34123
What are the prime factors of 460483?
23, 20021
What are the prime factors of 4179542?
2, 73, 28627
What are the prime factors of 1457648?
2, 17, 23, 233
What are the prime factors of 157301?
17, 19, 487
What are the prime factors of 155337?
3, 7, 13, 569
What are the prime factors of 1903533?
3, 634511
List the prime factors of 202981.
202981
List the prime factors of 391073.
391073
What are the prime factors of 17297742?
2, 3, 7, 11, 37441
What are the prime factors of 124568?
2, 23, 677
What are the prime factors of 3135339?
3, 61, 5711
What are the prime factors of 5135382?
2, 3, 7, 53, 769
List the prime factors of 1899629.
103, 18443
What are the prime factors of 13712020?
2, 5, 7, 97943
What are the prime factors of 719941?
719941
List the prime factors of 844631.
844631
List the prime factors of 4948176.
2, 3, 103087
What are the prime factors of 2723392?
2, 7, 6079
What are the prime factors of 193004?
2, 7, 61, 113
List the prime factors of 25586266.
2, 1787, 7159
What are the prime factors of 1070091?
3, 11, 1201
List the prime factors of 6046170.
2, 3, 5, 13, 37, 419
List the prime factors of 11599.
7, 1657
What are the prime factors of 28164569?
269, 104701
What are the prime factors of 174280?
2, 5, 4357
List the prime factors of 14574780.
2, 3, 5, 11, 17, 433
List the prime factors of 4222971.
3, 469219
What are the prime factors of 934965?
3, 5, 79, 263
List the prime factors of 117171.
3, 47, 277
What are the prime factors of 39379?
53, 743
List the prime factors of 1811187.
3, 7, 37
List the prime factors of 603077.
603077
What are the prime factors of 201944?
2, 25243
List the prime factors of 20607896.
2, 1549, 1663
What are the prime factors of 740861?
11, 47, 1433
What are the prime factors of 8989346?
2, 257, 17489
What are the prime factors of 8776461?
3, 19, 107, 1439
List the prime factors of 15684520.
2, 5, 392113
List the prime factors of 5037123.
3, 7, 13, 18451
What are the prime factors of 10867375?
5, 86939
List the prime factors of 78710.
2, 5, 17, 463
List the prime factors of 41421923.
6277, 6599
What are the prime factors of 24402874?
2, 67, 182111
List the prime factors of 693238.
2, 7, 13, 293
List the prime factors of 6620658.
2, 3, 11, 100313
What are the prime factors of 5298991?
5298991
List the prime factors of 268058.
2, 7, 41, 467
List the prime factors of 1172514.
2, 3, 7, 27917
What are the prime factors of 7394?
2, 3697
What are the prime factors of 7187878?
2, 3593939
What are the prime factors of 473733?
3, 13, 4049
List the prime factors of 559759.
17, 19, 1733
What are the prime factors of 1056894?
2, 3, 19, 73, 127
List the prime factors of 27086.
2, 29, 467
List the prime factors of 318739.
29, 379
What are the prime factors of 8250098?
2, 47, 87767
List the prime factors of 4145823.
3, 11, 47
What are the prime factors of 256624?
2, 43, 373
List the prime factors of 2777989.
1637, 1697
List the prime factors of 780594.
2, 3, 130099
What are the prime factors of 3685976?
2, 7, 9403
What are the prime factors of 2297485?
5, 163, 2819
What are the prime factors of 459033?
3, 53, 2887
List the prime factors of 208906.
2, 67, 1559
List the prime factors of 173184.
2, 3, 11, 41
List the prime factors of 336384.
2, 3, 73
What are the prime factors of 304755?
3, 5, 11, 1847
What are the prime factors of 4707407?
53, 88819
List the prime factors of 32477130.
2, 3, 5, 7, 51551
List the prime factors of 109909.
131, 839
What are the prime factors of 4852298?
2, 11, 220559
What are the prime factors of 842370?
2, 3, 5, 43, 653
What are the prime factors of 275691?
3, 13, 7069
List the prime factors of 1461427.
11, 132857
List the prime factors of 906585.
3, 5, 19, 3181
List the prime factors of 129416.
2, 7, 2311
What are the prime factors of 146881?
7, 20983
What are the prime factors of 347816?
2, 7, 6211
List the prime factors of 7405894.
2, 3702947
What are the prime factors of 6013584?
2, 3, 41761
What are the prime factors of 2034116?
2, 7, 72647
What are the prime factors of 1973123?
859, 2297
What are the prime factors of 2447679?
3, 13, 62761
List the prime factors of 239309.
7, 17, 2011
What are the prime factors of 477225?
3, 5, 7, 101
What are the prime factors of 10855368?
2, 3, 